ainder when 18677 is divided by 6183.
128
Calculate the remainder when 30310653 is divided by 1900.
1853
What is the remainder when 1948766 is divided by 77946?
116
What is the remainder when 2403424 is divided by 33?
1
Calculate the remainder when 5796971 is divided by 5328.
107
What is the remainder when 5538576 is divided by 1845761?
1293
Calculate the remainder when 466851 is divided by 15058.
53
What is the remainder when 4509328 is divided by 4037?
4036
What is the remainder when 52737031 is divided by 302?
281
Calculate the remainder when 1151295 is divided by 16.
15
Calculate the remainder when 280181 is divided by 2030.
41
What is the remainder when 8598797 is divided by 11?
9
What is the remainder when 6000679 is divided by 750080?
39
Calculate the remainder when 88689 is divided by 29542.
63
What is the remainder when 1859938173 is divided by 102?
99
Calculate the remainder when 2233517 is divided by 40.
37
Calculate the remainder when 71473795 is divided by 700723.
49
Calculate the remainder when 1179817347 is divided by 1193.
1190
What is the remainder when 8040524 is divided by 348?
332
Calculate the remainder when 240447448 is divided by 23.
20
Calculate the remainder when 8689619 is divided by 32065.
4
Calculate the remainder when 1002807 is divided by 334193.
228
What is the remainder when 552430 is divided by 276195?
40
What is the remainder when 60923 is divided by 8588?
807
Calculate the remainder when 634483 is divided by 682.
223
What is the remainder when 32459327 is divided by 4651?
4649
Calculate the remainder when 221272 is divided by 52.
12
Calculate the remainder when 23820031 is divided by 1588001.
16
What is the remainder when 59181144 is divided by 5380103?
11
What is the remainder when 10543943 is divided by 3763?
17
Calculate the remainder when 991268 is divided by 82.
52
What is the remainder when 144152 is divided by 1976?
1880
What is the remainder when 6946909 is divided by 1102?
1003
Calculate the remainder when 141826 is divided by 276.
238
What is the remainder when 377520 is divided by 187727?
2066
Calculate the remainder when 8324281 is divided by 8324268.
13
What is the remainder when 364195 is divided by 120936?
1387
What is the remainder when 411046838 is divided by 3644?
3638
Calculate the remainder when 15250120 is divided by 387.
385
What is the remainder when 808370 is divided by 807801?
569
Calculate the remainder when 8073088 is divided by 303.
259
Calculate the remainder when 64448 is divided by 5588.
2980
What is the remainder when 413170984 is divided by 206585492?
0
What is the remainder when 326571 is divided by 13?
11
What is the remainder when 1379502 is divided by 44500?
2
What is the remainder when 2936354 is divided by 326258?
32
Calculate the remainder when 836783 is divided by 46487.
17
Calculate the remainder when 22975082 is divided by 665.
662
What is the remainder when 1388667 is divided by 11030?
9917
What is the remainder when 17949751 is divided by 750?
1
What is the remainder when 956 is divided by 799?
157
What is the remainder when 443238 is divided by 5827?
386
Calculate the remainder when 968883 is divided by 322960.
3
Calculate the remainder when 7021 is divided by 1161.
55
What is the remainder when 611992 is divided by 2140?
2092
Calculate the remainder when 3913231 is divided by 145.
116
Calculate the remainder when 3406873 is divided by 851714.
17
What is the remainder when 2317498 is divided by 22?
18
Calculate the remainder when 267913393 is divided by 171.
169
What is the remainder when 91988628 is divided by 70?
18
What is the remainder when 415983 is divided by 9240?
183
What is the remainder when 335216151 is divided by 8?
7
What is the remainder when 4928177 is divided by 38?
33
Calculate the remainder when 4299682 is divided by 424.
322
What is the remainder when 205034 is divided by 49?
18
Calculate the remainder when 23446034 is divided by 1870.
1844
What is the remainder when 301796 is divided by 50278?
128
Calculate the remainder when 1432540 is divided by 1628.
1528
What is the remainder when 793634 is divided by 396816?
2
What is the remainder when 281080 is divided by 291?
265
Calculate the remainder when 235049 is divided by 3.
2
Calculate the remainder when 3397554 is divided by 2526.
84
Calculate the remainder when 7700686 is divided by 34.
26
What is the remainder when 2965128 is divided by 33316?
4
Calculate the remainder when 13200488 is divided by 243.
242
Calculate the remainder when 3731816 is divided by 631.
82
What is the remainder when 71926 is divided by 247?
49
Calculate the remainder when 4539317 is divided by 935.
827
What is the remainder when 494748 is divided by 28970?
2258
Calculate the remainder when 466276 is divided by 11314.
2402
What is the remainder when 839618 is divided by 9649?
155
What is the remainder when 1057002 is divided by 26?
24
Calculate the remainder when 5485427 is divided by 23048.
3
What is the remainder when 162824 is divided by 27?
14
What is the remainder when 128556 is divided by 456?
420
What is the remainder when 201032 is divided by 5425?
307
What is the remainder when 132576120 is divided by 409?
406
What is the remainder when 2312535 is divided by 19433?
8
Calculate the remainder when 8311407 is divided by 9642.
3
What is the remainder when 1946971 is divided by 198?
37
Calculate the remainder when 295603 is divided by 42223.
42
Calculate the remainder when 2419426 is divided by 65387.
107
What is the remainder when 19621368 is divided by 726717?
9
What is the remainder when 6705213 is divided by 56?
53
What is the remainder when 3135279 is divided by 6656?
303
What is the remainder when 1966421 is divided by 491576?
117
Calculate the remainder when 192825 is divided by 24095.
65
Calculate the remainder when 501594 is divided by 123.
0
Calculate the remainder when 9563994 is divided by 521.
518
Calculate the remainder when 755711 is divided by 26988.
47
Calculate the remainder when 8143 is divided by 1389.
1198
Calculate the remainder when 37360263 is divided by 82.
79
What is the remainder when 3485111 is divided by 11935?
91
What is the remainder when 5483470 is divided by 1766?
40
Calculate the remainder when 24492596 is divided by 83.
43
What is the remainder when 43941 is divided by 4678?
1839
What is the remainder when 222129 is divided by 36972?
297
What is the remainder when 97501 is divided by 401?
58
What is the remainder when 32192654 is divided by 1815?
1814
What is the remainder when 7592977 is divided by 968?
953
Calculate the remainder when 2816702 is divided by 704172.
14
What is the remainder when 81241 is divided by 4988?
1433
Calculate the remainder when 753875 is divided by 429.
122
Calculate the remainder when 30451211 is divided by 1174.
1173
What is the remainder when 853187 is divided by 138?
71
What is the remainder when 12250710 is divided by 2450138?
20
Calculate the remainder when 544334278 is divided by 2130.
2128
Calculate the remainder when 11797260 is divided by 2949307.
32
Calculate the remainder when 1153862 is divided by 838.
774
What is the remainder when 73979 is divided by 70560?
3419
What is the remainder when 298862 is divided by 5065?
27
What is the remainder when 133972 is divided by 14875?
97
What is the remainder when 258205778 is divided by 390629?
9
Calculate the remainder when 457919 is divided by 968.
55
Calculate the remainder when 93982 is divided by 542.
216
What is the remainder when 2436240 is divided by 1332?
12
Calculate the remainder when 503213 is divided by 1215.
203
Calculate the remainder when 21930292 is divided by 102959.
25
Calculate the remainder when 15214928 is divided by 68.
64
Calculate the remainder when 6655512 is divided by 1663869.
36
Calculate the remainder when 575867 is divided by 2384.
1323
Calculate the remainder when 2170409 is divided by 11.
10
Calculate the remainder when 119079 is divided by 167.
8
What is the remainder when 1578710 is divided by 143517?
23
Calculate the remainder when 39437 is divided by 39172.
265
What is the remainder when 8905398 is divided by 4267?
169
Calculate the remainder when 16337996 is divided by 1050.
1046
What is the remainder when 7793363 is divided by 20?
3
Calculate the remainder wh